 multiple of 28?
False
Is 105 a multiple of 7?
True
Is 2887 a multiple of 96?
False
Is 41 a factor of 5546?
False
Is 23920 a multiple of 13?
True
Is 2614 a multiple of 39?
False
Is 21 a factor of 1102?
False
Is 1530 a multiple of 39?
False
Is 9108 a multiple of 36?
True
Is 28424 a multiple of 44?
True
Does 3 divide 3280?
False
Does 4 divide 2675?
False
Does 36 divide 216?
True
Is 15144 a multiple of 13?
False
Is 113 a factor of 27459?
True
Is 2660 a multiple of 35?
True
Is 22 a factor of 297?
False
Is 30483 a multiple of 5?
False
Is 22 a factor of 682?
True
Is 46 a factor of 2209?
False
Is 592 a multiple of 16?
True
Is 87792 a multiple of 14?
False
Is 72 a factor of 4068?
False
Is 5796 a multiple of 21?
True
Is 5000 a multiple of 20?
True
Is 4431 a multiple of 54?
False
Does 5 divide 1635?
True
Is 9377 a multiple of 16?
False
Is 1443 a multiple of 6?
False
Does 56 divide 2408?
True
Is 2310 a multiple of 70?
True
Does 29 divide 957?
True
Is 3696 a multiple of 48?
True
Does 111 divide 25863?
True
Does 74 divide 6808?
True
Is 44 a multiple of 15?
False
Does 4 divide 493?
False
Is 44 a factor of 88880?
True
Does 56 divide 2969?
False
Is 35 a factor of 16730?
True
Is 14 a factor of 10934?
True
Is 6460 a multiple of 10?
True
Does 25 divide 82969?
False
Is 28 a factor of 3300?
False
Is 1008 a multiple of 72?
True
Is 13 a factor of 13019?
False
Is 240 a multiple of 12?
True
Is 1789 a multiple of 23?
False
Does 94 divide 752?
True
Is 10 a factor of 14000?
True
Is 4698 a multiple of 16?
False
Is 8076 a multiple of 55?
False
Is 69 a multiple of 3?
True
Is 62 a factor of 682?
True
Does 8 divide 1040?
True
Is 477 a multiple of 8?
False
Does 15 divide 9844?
False
Is 880 a multiple of 5?
True
Is 40 a factor of 720?
True
Is 86 a factor of 20984?
True
Is 14538 a multiple of 14?
False
Is 72 a factor of 22782?
False
Is 3 a factor of 488?
False
Does 6 divide 839?
False
Is 928 a multiple of 8?
True
Is 19 a factor of 12461?
False
Is 237 a factor of 45741?
True
Does 16 divide 125264?
True
Is 52 a factor of 301?
False
Is 14 a factor of 1414?
True
Does 30 divide 2910?
True
Does 223 divide 88550?
False
Is 167 a multiple of 6?
False
Is 460 a multiple of 20?
True
Is 21 a factor of 210?
True
Does 34 divide 1025?
False
Is 15 a factor of 2175?
True
Does 44 divide 651?
False
Is 37080 a multiple of 12?
True
Is 5 a factor of 4080?
True
Does 77 divide 7623?
True
Is 890 a multiple of 36?
False
Is 28 a factor of 1217?
False
Is 7 a factor of 10999?
False
Does 28 divide 644?
True
Does 57 divide 413?
False
Is 50 a factor of 16500?
True
Is 792 a multiple of 11?
True
Is 142 a factor of 16188?
True
Is 5707 a multiple of 13?
True
Is 76 a factor of 10868?
True
Is 22194 a multiple of 274?
True
Is 58 a factor of 232?
True
Is 8 a factor of 23?
False
Does 19 divide 418?
True
Does 25 divide 4675?
True
Is 734 a multiple of 42?
False
Is 19 a factor of 874?
True
Does 12 divide 33212?
False
Is 1586 a multiple of 13?
True
Does 62 divide 36085?
False
Does 227 divide 24289?
True
Is 5 a factor of 8853?
False
Is 14 a factor of 10280?
False
Is 95 a factor of 18525?
True
Does 22 divide 8800?
True
Is 7 a factor of 5955?
False
Does 163 divide 35857?
False
Is 112 a factor of 14395?
False
Does 18 divide 1782?
True
Is 17 a factor of 18870?
True
Is 265 a factor of 41112?
False
Is 19 a factor of 2356?
True
Is 66785 a multiple of 28?
False
Is 16 a factor of 3600?
True
Does 27 divide 1863?
True
Does 9 divide 7884?
True
Does 21 divide 4683?
True
Is 531 a multiple of 56?
False
Is 451 a multiple of 12?
False
Is 6 a factor of 3873?
False
Does 50 divide 6154?
False
Is 75 a factor of 9833?
False
Is 775 a multiple of 31?
True
Is 3416 a multiple of 244?
True
Does 222 divide 70152?
True
Is 1444 a multiple of 19?
True
Is 320 a multiple of 5?
True
Is 158 a multiple of 2?
True
Is 27 a factor of 5246?
False
Is 9880 a multiple of 53?
False
Does 12 divide 765?
False
Does 3 divide 12?
True
Does 114 divide 1254?
True
Does 135 divide 16285?
False
Does 170 divide 35501?
False
Is 41 a factor of 205?
True
Is 760 a multiple of 20?
True
Does 53 divide 1696?
True
Does 197 divide 7431?
False
Is 25 a factor of 150?
True
Is 82 a factor of 6724?
True
Is 39 a factor of 16068?
True
Does 20 divide 19180?
True
Is 27 a factor of 3645?
True
Does 10 divide 1034?
False
Is 644 a multiple of 14?
True
Is 93 a factor of 11510?
False
Is 192 a multiple of 24?
True
Is 3 a factor of 108?
True
Is 7 a factor of 4592?
True
Does 24 divide 651?
False
Is 195 a multiple of 65?
True
Does 47 divide 24526?
False
Is 1120 a multiple of 7?
True
Does 6 divide 438?
True
Does 8 divide 7664?
True
Is 56 a factor of 93553?
False
Does 18 divide 738?
True
Does 36 divide 936?
True
Is 24 a factor of 6602?
False
Does 25 divide 1597?
False
Is 719 a multiple of 13?
False
Is 78 a factor of 7723?
False
Is 37492 a multiple of 14?
True
Does 14 divide 1722?
True
Is 30 a factor of 1860?
True
Is 47 a factor of 5969?
True
Is 1204 a multiple of 28?
True
Is 13800 a multiple of 24?
True
Does 17 divide 27353?
True
Is 10 a factor of 420?
True
Is 9012 a multiple of 30?
False
Does 79 divide 8374?
True
Is 294 a multiple of 6?
True
Does 14 divide 1358?
True
Is 4392 a multiple of 61?
True
Does 27 divide 594?
True
Is 5 a factor of 150?
True
Does 11 divide 20724?
True
Does 71 divide 1065?
True
Is 3562 a multiple of 93?
False
Does 19 divide 1729?
True
Is 51968 a multiple of 233?
False
Does 6 divide 15888?
True
Is 4 a factor of 1704?
True
Is 660 a multiple of 60?
True
Is 37039 a multiple of 29?
False
Is 5680 a multiple of 46?
False
Is 19418 a multiple of 9?
False
Does 12 divide 14521?
False
Is 12 a factor of 804?
True
Does 8 divide 433?
False
Is 1056 a multiple of 16?
True
Is 31056 a multiple of 12?
True
Is 17261 a multiple of 9?
False
Does 64 divide 8128?
True
Does 23 divide 11155?
True
Is 6438 a multiple of 11?
False
Is 1056 a multiple of 11?
True
Is 29 a factor of 1218?
True
Is 8825 a multiple of 10?
False
Does 12 divide 3576?
True
Is 19499 a multiple of 161?
False
Is 14 a factor of 504?
True
Is 12 a factor of 32837?
False
Does 11 divide 14420?
False
Is 5904 a multiple of 123?
True
Does 13 divide 12422?
False
Is 139911 a multiple of 116?
False
Is 14865 a multiple of 23?
False
Is 1643 even?
False
Is 16 a factor of 148088?
False
Does 16 divide 1280?
True
Does 12 divide 817?
False
Does 38 divide 380?
True
Is 69 a multiple of 61?
False
Does 124 divide 45260?
True
Is 1242 a multiple of 54?
True
Is 16 a factor of 208?
True
Does 2 divide 41?
False
Is 25177 a multiple of 17?
True
Is 4 a factor of 2380?
True
Does 10 divide 2500?
True
Is 5785 a multiple of 27?
False
Is 1312 a multiple of 8?
True
Is 5500 a multiple of 22?
True
Does 27 divide 2241?
True
Is 14 a factor of 2716?
True
Is 52 a factor of 1404?
True
Is 6 a factor of 1404?
True
Does 8 divide 72?
True
Does 182 divide 7826?
True
Is 58 a factor of 30972?
True
Is 439 a multiple of 10?
False
Does 61 divide 87710?
False
Is 17 a factor of 13719?
True
Does 10 divide 4497?
False
Is 7800 a multiple of 12?
True
Is 41693 a multiple of 106?
False
Is 1550 a multiple of 10?
True
Does 34 divide 1219?
False
Is 39 a factor of 2223?
True
Is 19 a multiple of 6?
False
Is 61 a factor of 31171?
True
Does 30 divide 10678?
False
Is 164 a multiple of 53?
False
Is 5 a factor of 60?
True
Is 525 a multiple of 20?
False
Is 115 a multiple of 6?
False
Is 999 a multiple of 27?
True
Does 52 divide 676?
True
Is 12924 a multiple of 6?
True
Is 13904 a multiple of 94?
False
Is 1736 a multiple of 28?
True
Is 6 a factor of 1662?
True
Is 96 a factor of 1584?
False
Does 12 divide 23209?
False
Does 188 divide 26320?
True
Does 4 divide 297?
False
Is 9828 a multiple of 28?
True
Is 27 a factor of 45090?
True
Is 442 a multiple of 26?
True
Does 16 divide 1957?
False
Does 7 divide 2000?
False
Is 443 a multiple of 3?
False
Is 23 a factor of 427?
False
Is 4273 a multiple of 84?
False
Does 20 divide 127?
False
Is 787 a multiple of 5?
False
Is 20 a factor of 60?
True
Does 4 divide 346?
False
Is 44 a factor of 132?
True
Does 12 divide 347?
False
Does 10 divide 1230?
True
Does 12 divide 3336?
True
Is 12906 a multiple of 27?
True
Does 17 divide 16133?
True
Is 79 a factor of 790?
True
Is 11 a factor of 15248?
False
Is 27 a factor of 864?
True
Is 1282 a multiple of 47?
False
Does 24 divide 456?
True
Doe